s the units digit of f?
0
Let i(v) = -3*v**3 - 5*v - 5. Let m be i(-2). Suppose 0 = 4*s - 4*x - 140, -3*s + 80 = 3*x - x. Suppose k - s = m. What is the tens digit of k?
5
Let i(m) = 46*m**2 - 36*m + 176. What is the hundreds digit of i(5)?
1
Let v(n) be the second derivative of -5*n**3/6 + 3*n**2/2 + 22*n. Suppose 4*p + 11 = -5. What is the tens digit of v(p)?
2
Let j(w) = -3*w**3 + w**2 + w + 2. Let t be j(-2). Suppose 2*d + 11 - 3 = 0. Let v = t + d. What is the units digit of v?
4
Suppose -x = -6*j + j - 175, 4*j - 5*x = -161. Let v = j + 86. What is the units digit of v?
2
Let h(r) = 13*r**2 + 4*r + 3. Let x be h(-4). Suppose -5*b - 415 = -5*f, -b + 142 + x = 4*f. What is the units digit of f?
4
Let o(m) = m**2 - m + 1. Let p be o(0). Suppose 4*k = -14 - 10. What is the tens digit of p*(k/(-2) + 20)?
2
Suppose 46*a - 55*a + 14733 = 0. What is the hundreds digit of a?
6
Let r(o) = 155*o**2 + o - 1. Suppose -2*f = -3*p + 3, -2*p = -6*p + f + 4. What is the tens digit of r(p)?
5
Let i(m) = m**2 + 7*m - 20. Let v(f) = -2*f**2 - 14*f + 41. Let q(c) = 5*i(c) + 2*v(c). What is the units digit of q(-13)?
0
Suppose h - 10 = -h. Let j(n) = 6*n**2 + 6*n. What is the tens digit of j(h)?
8
Let a = 225 + -160. What is the tens digit of a?
6
Let k(v) = 3*v + 2*v - 5 + v. Suppose 0 = -5*d + n + 26, -3*d + 16 = -7*n + 6*n. What is the units digit of k(d)?
5
Let a(z) = -z. Let v(d) = 8*d + 2. Let r(m) = 5*a(m) + v(m). Let i(g) = 2*g**2 - 8*g + 3. Let y be i(5). What is the units digit of r(y)?
1
Suppose -1425 = 8*o + 1783. Let i = o + 671. What is the units digit of i?
0
Suppose -20 = -2*b - t, -2*b + 0*t - 4*t = -26. Let g be 2/b + (-77)/63. What is the units digit of ((-5)/(-10))/(g/(-52))?
6
Let w(k) = 10*k**3 - k**2 + 1. Let y be w(1). What is the units digit of 4/y - 3504/(-40)?
8
Let d be 234 + (0/(-1) - (4 - 1)). Suppose 3*v - 120 - d = 0. What is the units digit of v?
7
What is the units digit of (-7)/(((-2)/9)/(238/21))?
7
Suppose 453 = 3*k - p, 2*p + 314 + 136 = 3*k. Let c = k - 83. What is the tens digit of c?
6
Let g be 4/(-10) - (-18)/(-5). Let t = g + 6. Suppose 2*r = 2*d - 14 - 42, 0 = t*d + 5*r - 56. What is the units digit of d?
8
Suppose 0 = 5*l - 15*l. Suppose -6*w + 8*w - 254 = l. What is the units digit of w?
7
Let v be (-1)/((2 + -3)/5). Suppose 0 = -3*z + 3*f - 8*f + 394, -5*z + v*f = -710. What is the units digit of z?
8
Suppose 57*w = 59*w. Suppose w = 3*t - 4*o - 119, -o - 204 = -4*t - t. What is the tens digit of t?
4
Let r(k) = -196*k**3 + 5*k**2 - 11*k - 5. Let a(o) = -65*o**3 + 2*o**2 - 4*o - 2. Let i(w) = 8*a(w) - 3*r(w). What is the tens digit of i(1)?
6
Suppose 79 + 46 = -25*v. Suppose 95 = -2*z + 5*j, 95 = 5*z - 2*j + 385. What is the units digit of (-348)/z + 4/v?
5
What is the hundreds digit of 571 - (38/(-8) + (-24)/96)?
5
Let y(n) = 4*n**2 + 32*n - 20. What is the hundreds digit of y(-11)?
1
Let m = -252 + 317. What is the tens digit of m?
6
Let g = 1727 - 908. What is the tens digit of g?
1
Let m = 130 + -195. Let d = 102 + m. What is the tens digit of d?
3
Suppose d + 29 = -0*q + q, 0 = -5*d + 10. Let l = 15 + q. Suppose -r = -2*u - 3*u - 8, 0 = -3*r + 4*u + l. What is the units digit of r?
8
Let b(s) = 2*s - 6. Let m be b(4). Suppose -m*w = -3*w + 98. What is the units digit of w?
8
Suppose -2*s + 2 = -t, 4*s = 2 + 6. What is the units digit of 550/(-33)*(-3)/t?
5
Let o(z) = -2*z + 6. Let x be o(0). Suppose -q - 4 = -3*t - x, -10 = -5*q - 2*t. What is the units digit of q?
2
Suppose -l + 703 = -0*l. What is the units digit of l?
3
Let h = 37 - 33. Suppose 0 = -h*o + 329 - 113. What is the units digit of o?
4
Suppose -2*o + 7 = -1. Suppose a - 3*a = 0. Suppose -d = -a*s + o*s - 38, -5*d + 3*s + 75 = 0. What is the units digit of d?
8
Let f(q) = q**3 - q**2 + 8*q - 1. Let i(r) = -2*r**3 + 2*r**2 - 9*r. Let s(z) = 3*f(z) + 2*i(z). What is the units digit of s(-4)?
3
Let w = 87 + -48. What is the tens digit of w?
3
Suppose -3*u + 3 = -30. Suppose -4 = f - 5*i + 22, -16 = 2*f - i. Let c = f + u. What is the units digit of c?
5
Let o be -2 + 25 - 40/(-10). Let f = 49 - o. What is the units digit of f?
2
What is the hundreds digit of 4/((-100)/15) - (-1646)/10?
1
Let k(i) = 1. Let w(b) = -b - 7. Let h(c) = 5*k(c) - w(c). Let y be h(-4). Suppose -6*m + y*m = 98. What is the units digit of m?
9
Let h(g) = -g**2 + 8*g - 10. Let n(r) be the second derivative of r**5/20 + 5*r**4/6 + 3*r**2 - 6*r. Let k be n(-10). What is the units digit of h(k)?
2
Let s = -15 - -32. Let u = -21 - s. What is the units digit of (-2)/(-2) - (-1 + u)?
0
Let d = -2272 + 3757. What is the units digit of d?
5
Suppose -w = -r - 34, 4*r + w + 131 = -0*w. Let p be (-1)/(r/(-12) - 3). Suppose 0 = -2*n - p, 5*n = -4*m + 27 + 75. What is the tens digit of m?
2
Let r = -28 + 25. What is the units digit of ((-8)/r + -3)*-177?
9
Let u(v) = v + 1. Let h be u(2). Suppose -4*j + 24 = -h*k + 4*k, 5 = -5*k + 5*j. Suppose 5*y = k*y - 5*i + 11, 0 = 2*i + 10. What is the tens digit of y?
3
Let q(t) = -t**2 - 18*t + 17. Let m be q(-22). Let v = m + 79. What is the units digit of v?
8
Suppose 5*a - 1453 = 3*p, -9*a = -7*a + 3*p - 598. What is the tens digit of a?
9
Let r = 96 + -60. Suppose -r*g + 31*g = -1625. What is the hundreds digit of g?
3
Let y = -21 - -21. Suppose 0 = -5*k - 4*c + 96, -5*c - 85 = -4*k - y*c. Suppose 3*b = 2*x + k, 4*b + x = 5*x + 20. What is the units digit of b?
0
Let o be 0/(-2) - (6 - 7). Let f(b) = -5 + 2*b - o + 0 - 5. What is the units digit of f(8)?
5
Suppose -9591 - 12594 = -5*m. What is the thousands digit of m?
4
Suppose 0 = 6*t + 20 - 1238. Suppose 3*p = m + 13, p + 4*m + 0*m - 26 = 0. Suppose p*k - 121 - t = 0. What is the units digit of k?
4
Let s = 2058 + 485. What is the tens digit of s?
4
Let b be -1*1 + 111/3. Suppose 3*h + 0*o = -2*o - 76, -5*h = -3*o + 133. Let f = b + h. What is the units digit of f?
0
Let p(t) = 2*t**3 - t + 1. Let n be p(1). Let i = 47 + -21. Suppose -v = -n*v + i. What is the tens digit of v?
2
Suppose 471870 = -26*f + 124*f. What is the thousands digit of f?
4
Let w = -2282 - -3782. What is the tens digit of w?
0
Let v(w) = 2*w**2 + 19*w + 14. Let z be v(-9). Suppose z*j = 2*j + 294. What is the units digit of j?
8
Let r = 311 + -163. Suppose 0 = -5*p + 1213 - r. What is the tens digit of p?
1
Let o be (-343)/(-5) - 10/(-25). Let v = o + 44. Suppose -i - 5*w = -3*i + v, 4*w = i - 64. What is the tens digit of i?
4
Let p(h) = -h + 2. Let k be p(-3). What is the tens digit of 4/10 + 53/k?
1
Suppose j + 0*j - 62 = 0. Suppose 3*t + 4*b - 169 - j = 0, 4*b + 174 = 2*t. What is the units digit of t?
1
Suppose -p - 3 = 0, 2*b - 5 = b + p. Let h(m) = -4*m + m**b + 0*m**2 - 4*m - 10. What is the units digit of h(10)?
0
Let z(g) = -g**3 + 12*g**2 + 13*g + 2. Let d be z(13). Suppose -4*r + 0*j + 5*j = -32, 8 = -d*j. What is the units digit of r?
3
Suppose 0 = 4*g - g + 2*q - 1509, -503 = -g - 5*q. What is the hundreds digit of g?
5
Let a(l) = 7*l + 12. Let p(i) = 4*i + 6. Let g be 6/(-12) - (-14)/4. Let k(y) = g*a(y) - 5*p(y). What is the units digit of k(0)?
6
Suppose -512 = -24*g + 20*g. Suppose 5*m = 3*k + g, 5*k + m = -m - 203. Let t = k - -60. What is the units digit of t?
9
Let k(o) = 4136*o + 179. What is the units digit of k(1)?
5
Let o be (0/(-1))/((-16)/(-16)). Suppose 2*z = 5*h - o*z - 51, -3*h + 43 = 5*z. Suppose 4*v = 37 + h. What is the units digit of v?
2
What is the hundreds digit of (-16)/2*18853/(-68)?
2
Let o(s) = -s**3 + 7*s**2 - 4*s - 8. Let n be o(6). Let a be -1*n - (-11 - -7). Suppose a = 5*v - 5, -3*z - 4*v + 46 = -2*z. What is the units digit of z?
2
Let m(y) = -3*y**3 + y**2 - 1. Let d be m(-1). Suppose d*a + 564 = 6*a. What is the units digit of a?
8
What is the units digit of ((-1)/2*-7)/((-27)/(-19278))?
9
Suppose -4 = 4*y - 0*y. Let p = y + 3. Suppose p*x = -17 + 79. What is the units digit of x?
1
Let c(p) be the first derivative of 19*p**3/3 - 3*p**2/2 + 2*p - 17. What is the tens digit of c(2)?
7
Suppose -3*a + 177 = 4*c, 5*a + 33 = c + 2*a. Let q be c/(-10) + (-8)/(-40). What is the units digit of (-1 + -3)*q/1?
6
Suppose -8*t - 3192 = -14*t. What is the hundreds digit of t?
5
Let m(v) = 7*v**2 - 30*v + 138. What is the hundreds digit of m(21)?
5
Let b(k) = -k**3 - 11*k**2 - 2*